 = -2*m. Suppose -p = -5*i + 31. What is the remainder when 29 is divided by i?
9
Let i = 171 + -160. Suppose 0 = p - 4, -x + 2*p + 3*p = -1. Calculate the remainder when x is divided by i.
10
Let c be 124 + (2 - (5 - 4)). Suppose 3*z + c = 8*z. What is the remainder when z is divided by 6?
1
Suppose f + 424 = -8*g + 11*g, 0 = 5*g + f - 712. Let b = 23 - -13. Calculate the remainder when g is divided by b.
34
Let t = 3 - 1. Let s(w) = w + 6. Let n be s(-11). What is the remainder when 3*n/(-9)*3 is divided by t?
1
Suppose -5*d + 275 - 80 = 0. Calculate the remainder when -5 + 6 + -9*4*-1 is divided by d/1*1/3.
11
Suppose -4*j = 13*j - 629. What is the remainder when j is divided by 14?
9
Let y(c) = 2*c - 9. Let q be y(6). Suppose -q*h - 86 = -4*h. Suppose -2*o = -0*o - h. Calculate the remainder when o is divided by 22.
21
Suppose 5*c = 3*f + 119, 4*c = 3*f - 8*f + 73. What is the remainder when 261 is divided by c?
19
Let n(c) = -c**2 + 3*c + 6. Let f be n(6). Let r be (-4)/f*1*123. Suppose l + 19 + 65 = 2*q, q - l - r = 0. Calculate the remainder when q is divided by 11.
10
Let w = -2 - -1. Let d(o) = 13*o**2 + 1. Suppose -n - 28 = -81. What is the remainder when n is divided by d(w)?
11
Suppose 0 = -10*g + 3*g + 455. Suppose g*z = 63*z + 8. What is the remainder when z is divided by 3?
1
Let l = 33 - 4. Let y(x) = -101 + x**2 + 14*x + 203 - 126. What is the remainder when l is divided by y(-16)?
5
Let u(h) = -12*h - 1. Let g = -21 - -20. Calculate the remainder when 41 is divided by u(g).
8
What is the remainder when 447 is divided by (-12)/9 - 20328/(-126)?
127
Let l = 67 - -61. Suppose -2*m + 2*h + 218 = 82, l = 2*m + 2*h. Calculate the remainder when m is divided by 18.
12
Let p(w) = w**2 - 8 + 0 + 4*w**2 - 4*w**2. Suppose -3*i = -5 + 2. Calculate the remainder when i is divided by p(3).
0
Let w(z) = -z**3 - 7*z**2 + 9*z + 10. Let f be w(-8). Let l(y) = y**2 - 2*y + 4. Calculate the remainder when 22 is divided by l(f).
2
Suppose 2*v + 4 - 32 = 0. Calculate the remainder when 54 is divided by v.
12
Let w(y) = -126*y - 68. What is the remainder when w(-2) is divided by 52?
28
Suppose 3*g + 4*r = 2, 4*r - 2 = -g - 4. Calculate the remainder when 25 + -2 + (-2 - -3) is divided by 2 + (-3 - (-16 + g)).
11
Suppose 362*j - 393*j + 10602 = 0. Calculate the remainder when j is divided by 58.
52
Suppose 8*w - 122 = -5*g + 11*w, 7*w = -3*g + 126. Let v(p) = p**2 - 3*p - 4. Calculate the remainder when g is divided by v(5).
4
Suppose 10*n - 4*n = 12. Suppose 0 = n*o - f - 21, 0 = 4*o - 5*f - 12 - 45. What is the remainder when 15 is divided by o?
7
Let s = -135 + 136. What is the remainder when 73 is divided by s*((-34)/(-2) + -1)?
9
Let f be 174/4 - (-33)/(-22). Suppose 5*i - f = 3*i. What is the remainder when 40 is divided by i?
19
Let h(y) = -y**2 + 6*y + 4. Let v be h(4). Let x = v + 8. What is the remainder when x is divided by 7?
6
Suppose 5*s - p - 101 = 0, -3*s + 2*s + p + 21 = 0. Let d(f) = -f + 55. What is the remainder when d(-23) is divided by s?
18
Suppose -17*p + 87 = -372. What is the remainder when 62 is divided by p?
8
Suppose 0 = -3*u - 6 - 0. Let o be (5 - 11) + u/(-1). Calculate the remainder when (-4)/((8 + o)/(-2)) is divided by 1.
0
Let n = -701 + 746. Calculate the remainder when n is divided by 3/(-6) + (-94)/(-4).
22
Suppose -4*x + 4 = -2*x, 5*f - 412 = -6*x. What is the remainder when f is divided by 68?
12
Suppose -2*i + 496 = 2*i + 4*o, -2*o + 374 = 3*i. Calculate the remainder when i is divided by 43.
40
Suppose -f + 196 = -s + 271, -24 = 4*f. Suppose x + 4*r = 26, 2*x + r - 18 = 48. Suppose 4*b = x + 38. Calculate the remainder when s is divided by b.
15
Suppose 5*b - 4*j + j - 445 = 0, 0 = -4*b + 2*j + 354. Let p = 104 - b. Calculate the remainder when p is divided by 4.
2
Suppose 0 = -3*u + 5*q + 136 + 243, 258 = 2*u - 2*q. Calculate the remainder when u is divided by 61.
11
Let x be (-30775)/(-225) - (1 - (-11)/(-9)). Suppose 492 = 5*v + x. Calculate the remainder when v is divided by 15.
11
Let a be 1804/6 + (3 - 11/3). Let s = -191 + a. Calculate the remainder when s is divided by 22.
21
What is the remainder when (56/7 - 5)*286 is divided by 86?
84
Let p(n) = 2*n**2 - 3*n - 43. What is the remainder when 50 is divided by p(-6)?
3
Suppose 184 = 42*c - 40*c + 4*u, -4*u = 5*c - 466. What is the remainder when c is divided by 20?
14
What is the remainder when 211 is divided by 1437/27 - (224/36 + -6)?
52
Calculate the remainder when 673 is divided by 2 + -3 + 25 - -3.
25
Suppose -14 = -x + 3*h, 0*x - 28 = -3*x + 2*h. What is the remainder when x is divided by 7?
1
Suppose -4*c = -0*c + 4*u - 80, -5*u + 62 = 3*c. Suppose -5*a + 60 = -225. What is the remainder when a is divided by c + 1*4/4?
17
Let s = -20 + 16. Calculate the remainder when 112 is divided by ((-3)/6)/(s/184).
20
Let y(j) be the first derivative of j**2/2 + 5*j + 5. Let x be y(-3). Suppose -4*r = -3*l - r + 27, l = -x*r + 6. What is the remainder when 30 is divided by l?
6
Let w(u) = -u + 8. Let j(q) = q**2 - 6*q + 7. Calculate the remainder when w(-16) is divided by j(6).
3
Suppose 2*m + 3*m = 45. Let i = 9 + m. Let f(p) = -17*p - 14. What is the remainder when f(-5) is divided by i?
17
Suppose -11 = -4*q - 4*z + 5, -5*q = -5*z + 20. Suppose -y - y + 70 = q. Calculate the remainder when y is divided by 19.
16
Suppose -4*p = 5*a - p + 56, -3*a = -p + 28. Let t = a + 15. Suppose 3*h + 99 = 3*l + t*h, 3*l + 3*h - 99 = 0. Calculate the remainder when l is divided by 12.
9
Suppose -8*r = -12 - 4. Let h = r - -104. What is the remainder when h is divided by 36?
34
Suppose 40 - 110 = -5*h - 5*d, 0 = -5*h + 2*d + 77. What is the remainder when (-2 + 1)*18*-4 is divided by h?
12
Let r = 71 + -65. Let f(w) = w**2 + 3*w - 6. Suppose -3*i - 8 = 4*y, -5*y = 3*i - 2*y + 3. Calculate the remainder when f(i) is divided by r.
4
What is the remainder when (-1 - 57)*(-9)/6 is divided by 31?
25
Let y(t) = -t**2 - 40*t - 13. What is the remainder when 246 is divided by y(-38)?
57
Suppose 5*x - 245 = -r, 2*r - x - 2*x = 425. Let a = r + -32. Suppose -a = 2*b - 4*b. What is the remainder when b is divided by 32?
30
Let j = -343 - -409. What is the remainder when j is divided by 26?
14
Let n be (15/20)/(476/(-480) + 1). Let m = n - 84. Calculate the remainder when m is divided by 5.
1
Suppose 0 = 8*t - 12*t + 104. Calculate the remainder when 123 is divided by t.
19
Let x(v) = 5*v + 4. Let c(t) = -9*t - 9. Let r(s) = -6*c(s) - 11*x(s). Let g = -4 + 10. What is the remainder when g is divided by r(6)?
2
Let g = 225 + -63. Suppose -10*i = 11*i - 861. Calculate the remainder when g is divided by i.
39
Suppose -51*q - 24 = -49*q. What is the remainder when q + 13 + ((-60)/2)/(-1) is divided by 17?
14
Let s = 712 + -701. Calculate the remainder when 26 is divided by s.
4
Let z(t) = -t**3 + 3*t**2 + 16*t + 37. What is the remainder when 132 is divided by z(-3)?
3
Suppose m - 4*c - 170 = -7*c, 6 = 2*c. What is the remainder when m is divided by 18?
17
Let t = -6 + 9. Suppose t*d - 5 = 61. What is the remainder when d is divided by 9?
4
Let z(y) = -y**3 + 38*y**2 - 35*y - 36. What is the remainder when 143 is divided by z(37)?
29
Let p(a) = a**3 - 6*a**2 + 6*a. Let j be p(5). Suppose j*n + 69 = 8*n. Calculate the remainder when n is divided by 8.
7
Suppose -28 - 19 = -z - 4*s, -5*s = 4*z - 144. Suppose -3*t = -176 - z. Calculate the remainder when t is divided by 10.
9
Let k = -275 - -280. What is the remainder when 14 is divided by k?
4
Suppose 0 = 47*m - 1893 - 358 - 5. Let x(g) = 2*g**2 - g + 3. Calculate the remainder when m is divided by x(3).
12
Suppose 5*n + 10 = 0, -3*m + m + 3*n = -34. What is the remainder when 36 is divided by m?
8
Suppose -g - c + 4 - 25 = 0, 4*g - 5*c = -93. Let s = g - -157. Calculate the remainder when s is divided by 23.
20
Suppose -146*x + 147*x = 16. Let m = 404 + -208. Let q = m - 135. What is the remainder when q is divided by x?
13
Let b = 466 - 363. What is the remainder when b is divided by 13?
12
Let n(r) = -30*r. Suppose 0*s - 264 = 6*s. Let t = s - -61. What is the remainder when n(-1) is divided by t?
13
What is the remainder when 300 is divided by 83 + (-11 + 9)*3?
69
Let k(g) = -g**3 - g**2 + 1. Let i be k(-2). Suppose 0*v - 61 = 